o + 2*o. Let n be 26/(-65) + o/(-5). Suppose -2*r + 965 = 3*a, n*a + r - 1619 = 3*r. Is a a prime number?
False
Suppose 2667 = -5*q + 71412. Is q prime?
False
Is 1/(3 - ((-36948)/2053)/(-6)) a prime number?
True
Suppose -2*g + 6287 + 6369 = 2*j, g + 12641 = 2*j. Is j a composite number?
False
Let z be (-25)/(-9) - (-6)/27. Suppose z*u - 9587 = -5*b, 0*u - 3*b = -u + 3205. Is u a prime number?
False
Suppose 0 = 23*a - 25*a - 20444. Let h = 16655 + a. Is h a prime number?
False
Suppose -5*t + 3382 - 27625 = -x, 4*x - 2*t = 97044. Is x prime?
False
Let i(j) = -j - 5. Let d be i(0). Let r be d/20 + 1/4. Suppose r = -2*w + 17 + 21. Is w composite?
False
Is 66/231 + 189234/14 a composite number?
True
Suppose 9*z = 48 - 3. Suppose -z*q + 226 = -479. Is q composite?
True
Suppose 0 = h + 4*h - 4*t - 199, 4*h + 4*t = 188. Let s = h - 10. Is s prime?
False
Let w(c) = 9*c - 3 + 7*c + 3*c. Is w(6) composite?
True
Let x(b) = -14 + 7*b**2 + 14*b - 6 + 14*b**2 - 1. Is x(-14) a prime number?
False
Is (-2)/(8*11/(-871772)) a composite number?
False
Suppose -4*o = -4*h + 120, 2*o = -0*o + h - 60. Let x = -36 - o. Let f = x - -16. Is f composite?
True
Suppose 0 = -q - 5*q + 72. Let y be -17*q*35/15. Let f = 1153 + y. Is f a composite number?
False
Let v(q) be the second derivative of 91*q**3/2 - 32*q**2 + 17*q. Is v(11) composite?
False
Suppose -5*z + 9*z = 2*b - 27686, -4*b + 55369 = -5*z. Is b a prime number?
True
Let v(m) = m + 688. Suppose -g - 2*y - 8 = 0, 2*g - 16 = 3*y + y. Let w be v(g). Is 12/(-2) + 3 + w prime?
False
Let p = -10 + 20. Suppose -1588 = -p*v + 6*v. Is v a composite number?
False
Suppose 2*t + 5433 - 38671 = 0. Is t a prime number?
True
Is (1/(-2))/((26/(-99772))/13) a composite number?
False
Suppose -50 = 9*i - 4*i. Is (-4)/i + (-18)/(-30)*631 composite?
False
Let c = 895 - 123. Let u = -510 + c. Suppose -73 - u = -5*n. Is n composite?
False
Let j(r) be the second derivative of -3*r**5/10 + r**4/12 + 2*r**3/3 - r**2/2 - 9*r. Let f(q) = 2*q + 1. Let l be f(-2). Is j(l) a composite number?
True
Let q(t) = 11 - 151*t - 9 - 85*t + 7. Is q(-3) composite?
True
Suppose -4*i = -6*i + 3*w + 1088, 3*i + 5*w = 1613. Is 1*(i - 0/(-4)) prime?
True
Let j(x) = x**3 + x**2 + x + 347. Suppose -3*n - 2*g = -2, 3*n + 2*n + g - 1 = 0. Is j(n) a composite number?
False
Let d be (8/(-4) + 4)*-1. Let t(w) = 50*w**2 + 3. Is t(d) a composite number?
True
Suppose 126 = 16*v - 1682. Is v prime?
True
Let h(i) be the third derivative of 13*i**5/6 + i**4/2 - 19*i**3/6 - 18*i**2. Is h(6) prime?
True
Suppose -272344 = -73*i + 65*i. Is i prime?
False
Let c = -14 - -17. Let x be 1*(3 - (c - -109)). Is x/(-2 + 2 + -1) a composite number?
False
Let o(r) = 5*r - 2. Let g be o(2). Let s(v) = -g + 12 - 174*v - 166*v - 7. Is s(-2) a composite number?
False
Suppose -99782 - 90695 = -7*x. Is x composite?
False
Let u be 1/(-3)*-3*5. Suppose -u*m + 7*m = 44. Suppose m*y - 18*y = 76. Is y composite?
False
Let r be 4/(-10) - (-96)/40. Suppose h - 33 - 88 = -c, 4*h + 212 = r*c. Is ((-6)/(-12))/(1/c) prime?
False
Is 26/(10436/(-41872) + 4/16) composite?
True
Is (-1)/(-2) - 382713/(-58) a prime number?
True
Suppose -53*d + 44*d + 39789 = 0. Is d prime?
True
Let d = 1 - -3. Suppose d = -2*a - 0*a. Is ((-2568)/3)/a + -1 composite?
True
Let f = 20197 + -2540. Is f composite?
False
Let c be 6/(-8) + (-39)/(-52). Suppose 5*d - 22 = -3*v, 4*d + c*v + v = 19. Suppose 4*w - 2*m - 90 = 0, d*w + 3*m - 3 = 104. Is w prime?
False
Suppose r - 8*u - 1353 = -6*u, u - 4073 = -3*r. Is r prime?
False
Suppose -z + 5 = 0, 3*z = 4*h - 0*z - 5. Suppose -h*y + 728 + 197 = 0. Is y a prime number?
False
Suppose 0 = 12*m - 15*m + 2922. Is m a composite number?
True
Let f(d) be the first derivative of 17/3*d**3 + 2*d - 3*d**2 + 7. Is f(-7) a prime number?
True
Let z(i) = 2*i - 1. Let v be z(2). Suppose 0 = -6*m + 4*m + 442. Suppose -7*f = -n - v*f + 215, n - f = m. Is n prime?
True
Let x be -1 + (-3)/(-6)*2. Suppose x*w - 2*w - 668 = 0. Let f = -41 - w. Is f prime?
True
Let d = -6 + 6. Suppose -b + d*b = -2. Suppose -2*o + 1905 = o - 4*u, 0 = -2*o + b*u + 1270. Is o a composite number?
True
Let g = 279 + 1522. Is g a composite number?
False
Let a = 113 + 19. Let d(b) = b + 2. Let x be d(0). Suppose -6*m + a = -x*m. Is m composite?
True
Let w = -1238 - -602. Let s = -155 - w. Is s prime?
False
Is -13 - 1225/(-95) - (-5664)/19 a prime number?
False
Let x = -267 - -270. Suppose -13 + 5 = 4*b. Is x/(1/(15 + b)) a prime number?
False
Let j(s) = -2381*s**3 + 4*s**2 + 7*s + 17. Is j(-3) a composite number?
False
Let c(b) be the third derivative of -3*b**5/20 - b**4/6 - 2*b**2. Let t be c(-8). Let i = -333 - t. Is i prime?
True
Is -4 - (4*5/4 - 4996) prime?
True
Suppose 27*r - 1405525 = -290992. Is r prime?
False
Suppose -4 = 4*j - 12, 3*n + 3*j - 15663 = 0. Is n a composite number?
True
Suppose 3*d + 3 + 0 = 0. Let q be 2694/(-8) + d/4. Let r = -240 - q. Is r a composite number?
False
Suppose -x + 3*z - 3 - 6 = 0, 3*x = -3*z + 33. Let u(f) = f - 1. Let y be u(x). Is -1 + (-5)/(y/(-318)) prime?
True
Suppose -4*u + 6*u + 4*h - 7106 = 0, 4*h = -8. Is u a prime number?
True
Let v = 2410 + 17479. Is v a prime number?
True
Suppose -2 = -5*w - 3*s - 4, 0 = -4*w + 5*s + 28. Suppose n + 4*k = 90 + 177, 0 = 3*n + w*k - 791. Let v = n + -124. Is v composite?
False
Suppose 4*x = -2*u + 54010, 16*u - 21*u = -3*x + 40488. Is x a composite number?
True
Suppose 2 = w, 5*t + 8*w - 25637 = 12*w. Is t a composite number?
True
Let j(t) = 23*t**2 + 3*t + 1. Let s(m) = -m - 7. Let b be s(-11). Let f be j(b). Suppose -4*a + 4 = 0, 8*u - f = 3*u + 4*a. Is u prime?
False
Suppose z - 249 = -2*l, 2*z + 7*l = 2*l + 496. Is z prime?
False
Let t(i) = 37*i**2 - 16*i - 55. Is t(-8) prime?
True
Is (-24)/84 + 30/28*802 prime?
True
Suppose -4*u - f = 4*f + 553, -2*f - 538 = 4*u. Let o = u - -383. Is o a prime number?
True
Let q(s) = s**3 - 14*s**2 - 12*s + 14. Suppose 2*t + 2*t = 64. Suppose t = d + 1. Is q(d) a prime number?
True
Let n(i) = -2*i + 33. Let u be n(14). Suppose -2*w + 1785 = 2*t - 1089, -4*w = -u*t + 7203. Is t a composite number?
False
Let r(w) = -w**2 + 2*w + 7604. Let d be r(0). Let b = -2517 + d. Is b a composite number?
False
Suppose -2*k + 76 + 18 = 0. Let g(r) = -3*r**3 - 4*r**2 - 2*r + 2. Let n be g(-4). Suppose -k - n = -5*a. Is a a prime number?
True
Let p(l) = -l**2 + 2. Let m be p(2). Let o be 58*(-1)/m + 2. Is o*((-1 - -2) + 0) composite?
False
Let c(u) = -u + 3. Let z be c(3). Suppose 5*l = q - z*q + 21, -2*q + 4*l - 12 = 0. Suppose q*j + j = 3*w + 108, -5*j + 100 = 5*w. Is j a prime number?
False
Let a(z) = 18*z**2 + 22*z - 25. Is a(9) prime?
False
Suppose -a - 2*g = 3*a - 15448, 4*g = -a + 3855. Is a composite?
False
Let g be 1234 - (-3 - (-10 - -3)). Suppose -5*y = 5*i - g, 2 - 7 = i. Is y a prime number?
True
Let m be (-1 - (3 + -5))*1*-11. Let v = m - -33. Is v prime?
False
Is ((-11245)/(-15) + 3)/(18/297) prime?
False
Suppose -c - 4*c = -2305. Let i = -54 + c. Is i a composite number?
True
Let j be 1 + (0 - (3 - -30)). Let x be j*(4 + (-57)/(-6)). Is 2/(-2) + x/(-2) composite?
True
Is (-2)/19 + (-5900436)/(-228) composite?
True
Let k = -2830 + 9059. Is k composite?
False
Is 6*(-5 - (-14420)/30) composite?
True
Let a = 80 - 60. Is ((-44856)/a)/(-1) - 1/(-5) a composite number?
False
Let o be (-1 + (-7)/(21/(-12)))*-202. Let p = o + 899. Is p a composite number?
False
Is (4/(-10))/((-12)/678390) a prime number?
True
Suppose -d + 2*o = -4057, -4*o - 3 = -5*o. Is d composite?
True
Let o(r) = -r**3 - 2*r - 30. Let v be o(0). Let m be (-94)/v - (-20)/(-150). Is m + 7/(7/94) prime?
True
Suppose 10*u + 2*c + 3138 = 14*u, 4*u - 3128 = 4*c. Is u a composite number?
False
Let i = 43 + -40. Suppose 0 = -3*m + i*s + 996, -5*s + 3*s = -4*m + 1338. Is m a prime number?
True
Suppose -5*k = 2*k - 49140. Is k/21 - 6/21 a prime number?
False
Suppose 0*d + 5*d + 225 = z, 3*z + 4*d - 599 = 0. Is z a prime number?
False
Suppose 11*k - 38145 = 156632. Is k a composite number?
False
Suppose 0 = 2*x + 5 + 3, -x = 3*d + 2671. Is ((0 - -1)/(7/d))/(-1) composite?
False
Suppose 7*u + 7*u + 71792 = 0. Is ((-14)/(-4) - 2)*u/(-12) a prime number?
True
Suppose -3*k + 2*v = v - 12589, -5*k + 3*v + 20987 = 0. Is k a prime number?
False
Suppose -1203 